) = -j**3 - 8*j**2 - 14*j + 9. Calculate w(-7).
58
Let w(p) = -10*p - 154. Calculate w(-16).
6
Let v(p) = -2*p**3 + 5*p**2 + p. Give v(3).
-6
Let c(w) = w**3 + 3*w**2 - 2*w. Calculate c(-4).
-8
Let s(r) = r**2 - r + 20. Calculate s(5).
40
Let s(x) = -2*x**3 - 2*x**2 - 15. Calculate s(0).
-15
Let j(a) = -a**3 + 26*a**2 - 48*a - 3. Calculate j(24).
-3
Let a(m) = 21*m + 3. Determine a(-4).
-81
Let z(k) = -22*k - 1211. What is z(-55)?
-1
Let t(p) = -6*p**3 + 2*p**2 - p. Calculate t(1).
-5
Let n(p) = 2*p**3 + 7*p**2 - 8*p - 24. Calculate n(-3).
9
Let m(y) = -y**3 + 11*y**2 + 18*y - 1. What is m(12)?
71
Let o(z) = z**3 - 11*z**2 - 45*z + 395. What is o(12)?
-1
Let x(c) = -4*c**3 - c**2 - 3*c - 2. Determine x(-2).
32
Let c(y) = -3*y**2 - 3*y + 1. Give c(4).
-59
Let k(g) = -6*g + 7. Determine k(11).
-59
Let y(p) = -8*p + 168. Give y(21).
0
Let v(q) = q**3 - 15*q**2 + 7*q + 86. What is v(14)?
-12
Let n(f) = -5*f - 17. Calculate n(0).
-17
Let s(r) = r**2 + 5*r. Determine s(-4).
-4
Let c(x) = x - 90. Calculate c(0).
-90
Let b(d) = d - 16. Determine b(11).
-5
Let l(t) = -10*t + 4. What is l(-14)?
144
Let k(u) = 2*u**3 + 5*u**2 - 24*u - 8. Give k(-5).
-13
Let c(f) = -9*f - 78. Calculate c(-9).
3
Let u(x) = -4*x + 1. Determine u(-1).
5
Let q(v) = 19*v + 10. Determine q(3).
67
Let w(h) = 7*h**2 - 3*h - 2. What is w(-1)?
8
Let r(l) = -24*l - 101. Give r(-4).
-5
Let l(v) = -40*v - 122. Determine l(-3).
-2
Let m(a) = 13*a**3 + a**2 - 3*a - 4. Calculate m(-1).
-13
Let l(p) = 2*p**3 + 4*p**2 + 4*p + 3. Calculate l(-2).
-5
Let x(f) = -2*f**2 - 1. What is x(0)?
-1
Let q(i) = i**2 + i + 29. Calculate q(0).
29
Let m(y) = y**2 - 8*y - 5. Determine m(8).
-5
Let c(s) = s**3 - 4*s**2 - 18*s + 57. Determine c(5).
-8
Let q(n) = -2*n**2 - 4*n + 7. What is q(2)?
-9
Let k(b) = b**2 - 3*b - 33. What is k(7)?
-5
Let c(s) = s**3 - 1. Calculate c(-2).
-9
Let t(v) = v**3 - 7*v**2 + 5*v - 38. Determine t(7).
-3
Let k(b) = b**3 - 7*b**2 - 9*b + 8. Give k(8).
0
Let j(b) = b**3 - 32*b**2 + 31*b + 10. Determine j(31).
10
Let f(s) = -s**3 - 7*s**2 + 7*s + 7. Give f(-8).
15
Let m(b) = 3*b + 110. Determine m(-37).
-1
Let h(r) = -r**3 - 4*r**2 + 6. Calculate h(-3).
-3
Let u(t) = t**3 - 3*t**2 - 66*t - 6. What is u(-7)?
-34
Let q(j) = -j**2 - 4*j + 11. What is q(-7)?
-10
Let g(w) = -w**2 + 2*w - 5. Give g(4).
-13
Let k(j) = 2*j**2 - 61*j - 28. What is k(31)?
3
Let r(y) = y**2 + 14*y + 7. What is r(-13)?
-6
Let k(i) = -i**2 + 18*i - 14. Determine k(14).
42
Let i(n) = -n**3 + 3*n**2 - 2*n + 1. Determine i(2).
1
Let a(v) = 2*v**2 - 4*v - 6. What is a(6)?
42
Let v(u) = u**3 - 17*u**2 + 56*u + 16. What is v(5)?
-4
Let i(l) = -l**3 - 2*l**2 - 6*l - 6. What is i(-2)?
6
Let r(d) = -13*d - 11. What is r(2)?
-37
Let h(q) = -q**3 - q**2 + 3*q + 6. Give h(3).
-21
Let z(f) = -f**2 - 13*f + 19. Determine z(-12).
31
Let d(a) = -a**2 + 75*a - 473. Calculate d(68).
3
Let c(x) = -89*x + 7. Calculate c(-1).
96
Let i(u) = -u**2 + 13*u + 92. What is i(18)?
2
Let h(o) = -o**2 - 15*o. What is h(-11)?
44
Let y(b) = b**2 + 40*b - 1037. Give y(18).
7
Let r(b) = -22*b + 3. What is r(-1)?
25
Let t(l) = -4*l**3 + 3*l + 1. Give t(2).
-25
Let m(t) = -t**2 + 7*t - 3. Determine m(7).
-3
Let o(q) = 2*q**3 - 7*q**2 + 3*q + 4. Determine o(4).
32
Let i(j) = 21*j + 198. What is i(-9)?
9
Let t(x) = -x + 27. Calculate t(20).
7
Let p(s) = -s**3 + s**2 - 32. Calculate p(0).
-32
Let g(l) = l**2 - 11*l + 23. Give g(3).
-1
Let m(g) = -5*g - 7. Determine m(-2).
3
Let t(x) = -3*x**2 + 15*x - 29. Determine t(3).
-11
Let h(g) = 7*g**2 + 14*g + 50. Give h(-3).
71
Let o(p) = -p**3 - 9*p**2 - 10*p - 11. Give o(-8).
5
Let y(t) = 3*t**2 - 82*t + 33. Give y(27).
6
Let u(d) = -24*d + 1. What is u(2)?
-47
Let w(q) = -20*q + 207. Calculate w(10).
7
Let q(w) = -2*w**2 + 5*w - 6. What is q(-3)?
-39
Let t(n) = n - 18. Give t(13).
-5
Let g(i) = -i - 1. Calculate g(2).
-3
Let r(v) = 13*v + 3. Calculate r(-1).
-10
Let s(d) = -d - 6. Determine s(16).
-22
Let j(n) = n + 8. Calculate j(-11).
-3
Let l(j) = j**3 + 11*j**2 + 18*j - 3. What is l(-9)?
-3
Let x(f) = -3*f**2 - 38*f - 84. What is x(-10)?
-4
Let j(t) = -3*t + 7. Calculate j(4).
-5
Let h(v) = v**2 + 15*v - 17. Calculate h(-18).
37
Let v(q) = -q**3 - 3*q**2 + 6*q + 6. What is v(4)?
-82
Let g(j) = -2*j**2 - 8*j - 4. Determine g(-6).
-28
Let h(q) = -q**2 - 35*q - 298. Calculate h(-21).
-4
Let c(j) = j**2 - 15*j + 13. Calculate c(14).
-1
Let n(d) = -6*d**2 + 4*d + 3. Determine n(-1).
-7
Let f(w) = 3*w**2 - 13*w - 32. What is f(-2)?
6
Let w(z) = z + 39. Calculate w(-17).
22
Let p(z) = -z**3 + 5*z**2 + 4. Give p(5).
4
Let h(v) = 22*v + 306. Give h(-14).
-2
Let q(m) = m**3 - 15*m**2 - 9*m - 1. Calculate q(15).
-136
Let z(x) = x**2 + 17*x + 36. Calculate z(-15).
6
Let q(f) = -28*f - 4. What is q(2)?
-60
Let r(c) = c**2 - c - 11. Give r(4).
1
Let t(z) = -z**3 + z**2 + 9*z - 9. Give t(3).
0
Let l(k) = -6*k - 3. Determine l(4).
-27
Let x(y) = -9*y + 30. Calculate x(10).
-60
Let q(c) = -c**3 - 3*c**2 - 3*c + 5. Give q(-4).
33
Let w(q) = -q**3 - 15*q**2 + 10*q - 15. What is w(-16)?
81
Let o(r) = 50*r - 2. Give o(-1).
-52
Let o(u) = -u - 2. What is o(-9)?
7
Let p(o) = -o**2 + 9*o - 3. What is p(8)?
5
Let a(x) = -17*x - 152. Calculate a(-6).
-50
Let w(t) = t**2 + 7*t - 11. What is w(-9)?
7
Let w(z) = -z - 2. What is w(-1)?
-1
Let h(j) = -j**3 + 4*j**2 - j + 6. Give h(5).
-24
Let n(l) = -2*l + 15. What is n(8)?
-1
Let h(a) = a + 5. Give h(5).
10
Let j(z) = -3*z**3 - 2*z**2 + 3*z + 7. Calculate j(-3).
61
Let d(a) = -a**3 + 5*a**2 + 4*a + 13. Calculate d(6).
1
Let c(m) = -m**3 + 13*m**2 - m + 8. Determine c(13).
-5
Let g(v) = v**2 + 7*v + 6. Give g(-5).
-4
Let j(m) = 3*m**3 - m**2 + m + 1. What is j(-1)?
-4
Let c(x) = 17*x - 3. Calculate c(2).
31
Let a(g) = -g**3 - 3*g + 3. Calculate a(2).
-11
Let s(z) = z**3 + 13*z**2 + 13*z + 16. What is s(-12)?
4
Let x(j) = 2*j**3 - 5*j**2 - 2*j + 2. Give x(2).
-6
Let y(f) = -27*f + 2. Calculate y(1).
-25
Let m(x) = 2*x + 37. Calculate m(-16).
5
Let m(i) = -3*i**2 + 17*i + 2. Determine m(7).
-26
Let t(v) = v**2 + v - 25. Calculate t(-6).
5
Let s(n) = -4*n - 7. Determine s(-8).
25
Let n(w) = -w**3 - 11*w**2 + 9*w + 14. Determine n(-12).
50
Let p(g) = -g**3 + 24*g**2 - 27*g + 86. What is p(23)?
-6
Let j(r) = r**3 - 6*r**2 + 8*r - 3. Determine j(3).
-6
Let k(h) = h**3 - 4*h**2 + 4*h - 6. Calculate k(3).
-3
Let r(w) = w**2 - 1. Determine r(0).
-1
Let s(t) = 152*t + 609. What is s(-4)?
1
Let d(o) = -5*o + 14. Calculate d(5).
-11
Let q(m) = -2*m**2 - 16*m - 2. Calculate q(-8).
-2
Let y(z) = z**3 + 6*z**2 - 15*z + 5. Determine y(-8).
-3
Let p(y) = -8*y**2 + 25*y - 13. Calculate p(3).
-10
Let p(i) = -2*i**3 + 70*i**2 - 68*i - 6. What is p(34)?
-6
Let j(i) = i**3 - 5*i**2 + i - 1. What is j(4)?
-13
Let s(i) = 9*i + 9. Calculate s(-8).
-63
Let v(q) = -q**3 + 13*q**2 - 14*q - 160. What is v(10)?
0
Let m(w) = -w**3 + 4*w**2 + 33*w - 138. Calculate m(4).
-6
Let p(v) = v**2 - 19*v + 19. What is p(17)?
-15
Let i(v) = -v**2 - 12*v - 29. Calculate i(-7).
6
Let g(z) = -z**3 + 9*z**2 - 5*z + 11. Give g(9).
-34
Let n(l) = -6*l**2 + 2*l + 1. What is n(-1)?
-7
Let g(s) = -s**2 - 5*s + 1. What is g(-7)?
-13
Let l(x) = x**2 - 3*x - 23. Determine l(7).
5
Let k(h) = 2*h**3 + 25*h**2 + 11*h - 18. Give k(-12).
-6
Let t(l) = -4*l + 34. Calculate t(8).
2
Let n(v) = v - 97. Calculate n(13).
-84
Let h(i) = -151*i + 1511. Calculate h(10).
1
Let x(i) = -5*i**2 - 6*i - 23. Calculate x(-5).
-118
Let a(c) = -c**2 + 22*c - 38. What is a(20)?
2
Let f(h) = -h - 14. Determine f(-13).
-1
Let f(x) = 2*x**3 - 4*x**2 + 2*x - 1. Determine f(3).
23
Let p(k) = k**3 - 10*k**2 - 4*k + 13. What is p(5)?
-132
Let t(k) = k**2 + 29*k + 55. Calculate t(-26).
-23
Let z(f) = f**2 - 3*f - 9. Calculate z(7).
19
Let z(y) = 13*y - 1. Give z(-4).
-53
Let i(p) = 30*p**2 - 6*p + 5. Determine i(1).
29
Let t(r) = -r**3 - 8*r**2 + 7*r - 1. Give t(-9).
17
Let l(y) = 10*y**3 + 6*y + 6. Calculate l(-1).
-10
Let s(t) = 3*t**2 - 3*t + 1. Calculate s(1).
1
Let c(j) = -5*j - 6. What is c(-11)?
49
Let d(p) = 4*p - 26. Calculate d(8).
6
Let h(n) = n**3 + 13*n**2 + 29*n + 10. Calculate h(-10).
20
Let k(s) = -s**3 + 6*s**2 + 4. Determine k(6).
4
Let y(a) = 4*a**2 + 8*a + 11. Calculate y(-8).
203
Let s(z) = z**3 - 8*z**2 - z - 10. What is s(8)?
-18
Let 